rime factors of 679.
7, 97
List the prime factors of 1796.
2, 449
List the prime factors of 1731.
3, 577
What are the prime factors of 12630?
2, 3, 5, 421
List the prime factors of 618.
2, 3, 103
List the prime factors of 1817.
23, 79
What are the prime factors of 517?
11, 47
List the prime factors of 2512.
2, 157
List the prime factors of 2598.
2, 3, 433
List the prime factors of 1970.
2, 5, 197
List the prime factors of 6220.
2, 5, 311
What are the prime factors of 349?
349
What are the prime factors of 39870?
2, 3, 5, 443
What are the prime factors of 1208?
2, 151
What are the prime factors of 75729?
3, 25243
What are the prime factors of 18717?
3, 17, 367
What are the prime factors of 5481?
3, 7, 29
What are the prime factors of 3328?
2, 13
What are the prime factors of 12112?
2, 757
What are the prime factors of 11829?
3, 3943
List the prime factors of 785.
5, 157
List the prime factors of 15377.
15377
List the prime factors of 1994.
2, 997
What are the prime factors of 1954?
2, 977
What are the prime factors of 58675?
5, 2347
List the prime factors of 1350.
2, 3, 5
What are the prime factors of 5470?
2, 5, 547
What are the prime factors of 95021?
95021
What are the prime factors of 21781?
23, 947
List the prime factors of 11362.
2, 13, 19, 23
List the prime factors of 39555.
3, 5, 293
List the prime factors of 13492.
2, 3373
List the prime factors of 1619.
1619
List the prime factors of 2108.
2, 17, 31
List the prime factors of 442.
2, 13, 17
What are the prime factors of 15574?
2, 13, 599
What are the prime factors of 22465?
5, 4493
List the prime factors of 3509.
11, 29
List the prime factors of 7426.
2, 47, 79
What are the prime factors of 120295?
5, 7, 491
What are the prime factors of 10941?
3, 7, 521
What are the prime factors of 170?
2, 5, 17
List the prime factors of 14459.
19, 761
List the prime factors of 32983.
32983
What are the prime factors of 26592?
2, 3, 277
What are the prime factors of 9349?
9349
List the prime factors of 37408.
2, 7, 167
List the prime factors of 15269.
15269
What are the prime factors of 71150?
2, 5, 1423
List the prime factors of 9473.
9473
List the prime factors of 2112.
2, 3, 11
What are the prime factors of 6005?
5, 1201
List the prime factors of 7952.
2, 7, 71
List the prime factors of 80304.
2, 3, 7, 239
List the prime factors of 356.
2, 89
What are the prime factors of 9059?
9059
What are the prime factors of 1889?
1889
List the prime factors of 5171.
5171
List the prime factors of 2514.
2, 3, 419
List the prime factors of 1032.
2, 3, 43
List the prime factors of 94695.
3, 5, 59, 107
List the prime factors of 6793.
6793
List the prime factors of 1074.
2, 3, 179
What are the prime factors of 25419?
3, 37, 229
What are the prime factors of 583?
11, 53
What are the prime factors of 1674?
2, 3, 31
List the prime factors of 3865.
5, 773
List the prime factors of 9223.
23, 401
What are the prime factors of 3716?
2, 929
What are the prime factors of 14927?
11, 23, 59
List the prime factors of 1240.
2, 5, 31
What are the prime factors of 454?
2, 227
What are the prime factors of 2777?
2777
List the prime factors of 6713.
7, 137
List the prime factors of 294.
2, 3, 7
What are the prime factors of 3273?
3, 1091
What are the prime factors of 1352?
2, 13
List the prime factors of 1149.
3, 383
What are the prime factors of 1938?
2, 3, 17, 19
What are the prime factors of 473?
11, 43
List the prime factors of 796.
2, 199
List the prime factors of 8603.
7, 1229
List the prime factors of 746.
2, 373
List the prime factors of 12461.
17, 733
List the prime factors of 3175.
5, 127
What are the prime factors of 6141?
3, 23, 89
List the prime factors of 3662.
2, 1831
What are the prime factors of 23088?
2, 3, 13, 37
What are the prime factors of 2740?
2, 5, 137
What are the prime factors of 43965?
3, 5, 977
List the prime factors of 828.
2, 3, 23
What are the prime factors of 1346?
2, 673
What are the prime factors of 3258?
2, 3, 181
List the prime factors of 692.
2, 173
List the prime factors of 30073.
17, 29, 61
List the prime factors of 121.
11
List the prime factors of 1075.
5, 43
What are the prime factors of 487?
487
What are the prime factors of 70098?
2, 3, 7, 1669
List the prime factors of 588.
2, 3, 7
What are the prime factors of 354?
2, 3, 59
List the prime factors of 1088.
2, 17
What are the prime factors of 32116?
2, 7, 31, 37
What are the prime factors of 920?
2, 5, 23
What are the prime factors of 6186?
2, 3, 1031
List the prime factors of 3660.
2, 3, 5, 61
List the prime factors of 1740.
2, 3, 5, 29
List the prime factors of 4731.
3, 19, 83
What are the prime factors of 8332?
2, 2083
What are the prime factors of 7629?
3, 2543
List the prime factors of 678.
2, 3, 113
List the prime factors of 14171.
37, 383
List the prime factors of 1184.
2, 37
List the prime factors of 12887.
7, 263
What are the prime factors of 275?
5, 11
List the prime factors of 3285.
3, 5, 73
What are the prime factors of 2390?
2, 5, 239
What are the prime factors of 3789?
3, 421
List the prime factors of 749.
7, 107
What are the prime factors of 31571?
131, 241
List the prime factors of 8746.
2, 4373
List the prime factors of 37623.
3, 12541
What are the prime factors of 10787?
7, 23, 67
List the prime factors of 5656.
2, 7, 101
What are the prime factors of 29214?
2, 3, 541
What are the prime factors of 173?
173
What are the prime factors of 10478?
2, 13, 31
List the prime factors of 1909.
23, 83
List the prime factors of 41563.
89, 467
List the prime factors of 1465.
5, 293
List the prime factors of 4117.
23, 179
What are the prime factors of 2084?
2, 521
What are the prime factors of 16142?
2, 7, 1153
List the prime factors of 21153.
3, 11, 641
List the prime factors of 316.
2, 79
List the prime factors of 748.
2, 11, 17
List the prime factors of 19236.
2, 3, 7, 229
What are the prime factors of 474?
2, 3, 79
What are the prime factors of 8177?
13, 17, 37
List the prime factors of 1087.
1087
What are the prime factors of 2395?
5, 479
List the prime factors of 24049.
24049
What are the prime factors of 92?
2, 23
List the prime factors of 2335.
5, 467
What are the prime factors of 225?
3, 5
List the prime factors of 1915.
5, 383
What are the prime factors of 58728?
2, 3, 2447
What are the prime factors of 9451?
13, 727
List the prime factors of 6324.
2, 3, 17, 31
What are the prime factors of 8315?
5, 1663
What are the prime factors of 235?
5, 47
List the prime factors of 14951.
14951
What are the prime factors of 22051?
22051
List the prime factors of 160.
2, 5
List the prime factors of 85818.
2, 3, 14303
What are the prime factors of 689?
13, 53
List the prime factors of 19103.
7, 2729
What are the prime factors of 4256?
2, 7, 19
What are the prime factors of 16634?
2, 8317
List the prime factors of 959.
7, 137
What are the prime factors of 69490?
2, 5, 6949
What are the prime factors of 863?
863
List the prime factors of 27584.
2, 431
List the prime factors of 227.
227
List the prime factors of 146.
2, 73
What are the prime factors of 596?
2, 149
What are the prime factors of 59435?
5, 11887
What are the prime factors of 1256?
2, 157
List the prime factors of 5263.
19, 277
List the prime factors of 613.
613
What are the prime factors of 29043?
3, 7, 461
List the prime factors of 5141.
53, 97
List the prime factors of 3672.
2, 3, 17
What are the prime factors of 32376?
2, 3, 19, 71
What are the prime factors of 1164?
2, 3, 97
List the prime factors of 129455.
5, 17, 1523
List the prime factors of 1893.
3, 631
What are the prime factors of 2671?
2671
What are the prime factors of 43196?
2, 10799
List the prime factors of 3358.
2, 23, 73
What are the prime factors of 12394?
2, 6197
What are the prime factors of 57535?
5, 37, 311
List the prime factors of 67103.
67103
What are the prime factors of 12181?
13, 937
What are the prime factors of 741?
3, 13, 19
List the prime factors of 45001.
11, 4091
What are the prime factors of 663?
3, 13, 17
What are the prime factors of 1928?
2, 241
What are the prime factors of 4437?
3, 17, 29
List the prime factors of 2914.
2, 31, 47
What are the prime factors of 4493?
4493
What are the prime factors of 3403?
41, 83
What are the prime factors of 5655?
3, 5, 13, 29
What are the prime f